c be u(5). Suppose c*d - 8*d + 55 = 0. List the prime factors of i(d).
3, 7
Suppose 9*g - 14*g + 17169 = 2*m, 3*m = 5*g - 17159. What are the prime factors of g?
3433
Let x(s) = s**3 + s**2 + s + 3. Let o be x(0). Let p be 3*(-1 + 1/o). What are the prime factors of p/4*-8*2?
2
Let g(z) = -7*z - 15. Let i be g(-3). Let l(p) = 2*p**3 - 5*p**2 + 5*p - 4. What are the prime factors of l(i)?
2, 139
List the prime factors of ((-36)/5 + 2)/((-8)/1040).
2, 13
Suppose 19*f + 379 = 20*f. Let q = f + -154. What are the prime factors of q?
3, 5
Suppose -13*f + 24631 = -38484. List the prime factors of f.
5, 971
Suppose 0 = 3*f - 109 - 362. Suppose 2*q = -x + 37, -4*x - 9*q = -4*q - f. What are the prime factors of x?
43
Suppose 3*s + 3*p - 7056 = 0, -3*s = -5*p - 6397 - 659. List the prime factors of s.
2, 3, 7
Let y(d) = 25*d + 12. Let z(c) = c. Let u(h) = -y(h) + 4*z(h). List the prime factors of u(-5).
3, 31
Let a be (-6)/(-9)*180/4. Let x be 1*-6*a/45. List the prime factors of 21 + (x - (-6 - -1)).
2, 11
Suppose -6*o = -5*o - 59. Let v = -26 + o. Suppose 0 = -w - 3*s + v, 4*w - 72 = 2*w - 3*s. List the prime factors of w.
3, 13
Suppose n - 5*p - 567 = 0, -1773 = -3*n - 9*p + 6*p. List the prime factors of n.
587
Suppose 0 = 5*v - 2225 - 810. What are the prime factors of v?
607
Let l = 1035 + 440. What are the prime factors of l?
5, 59
Let o(f) = -f**2 - 61 - f - 5*f - 16*f + 0*f**2. What are the prime factors of o(-18)?
11
Suppose 4*s + 5*i + 7 = 0, 7 = -5*s - 5*i + 2. Let o = s - -58. Suppose -3*p + 2*g = -2*g - o, -5*p + 4*g + 92 = 0. List the prime factors of p.
2
Let o = 56 + -38. List the prime factors of (-7)/((-7)/2) + o.
2, 5
Let k be (2 - 69/9)*3*-17. Let i = k + -162. What are the prime factors of i?
127
Let z be (24/10)/((-9)/(-30)) + -3. What are the prime factors of 231/(-3)*(2 - z - -2)?
7, 11
Suppose 3*k + 8 = x + 1, 4*k = 4*x - 12. Let j be 2/(x + 3)*-4. List the prime factors of j - 16*(2 - 3).
2, 7
Suppose -20 = -4*n + 104. Let t(j) = 2*j**2 + 10*j + 15. Let x be t(-7). Let s = x - n. List the prime factors of s.
2, 3
Let r(k) = 8*k**2 - 5*k - 18. Let d be r(-9). Suppose -27*n = -32*n + d. List the prime factors of n.
3, 5
Let j be (-12)/(-10)*7/((-56)/(-20)). Let s(n) = -2 - 20*n**3 - 1 + 6*n**2 + 19*n**3 + 3*n + n. What are the prime factors of s(j)?
2, 3
Suppose 5*m - 138 = -23. Suppose w - 78 = -m. What are the prime factors of w?
5, 11
Suppose -2*u + 3*c = 2*u + 1415, -u = -4*c + 357. Let o = u + 502. Suppose 4*q + 5*s - o = 0, -s = 2*q + s - 74. List the prime factors of q.
2, 3
Let j(o) = 69*o**2 + 29*o + 137. List the prime factors of j(-5).
17, 101
Let r = 23 + 82. What are the prime factors of r?
3, 5, 7
Suppose 3*b - 4*b + 37 = 2*z, 3*z + 3 = 0. Suppose 3*w + b = o, 3*o + o + 5*w = 207. What are the prime factors of o?
2, 3
Let k = -8 - -2. Let z be -2*(399/k)/(-7). Let q = -5 - z. List the prime factors of q.
2, 7
Let p = 5 + -6. Let o be (p - -1)*(-10)/(-30). What are the prime factors of -2 + (3 - -19) + o?
2, 5
Suppose -4*b = 2*w + 210, 4*w - 110 = 3*b - b. Let i = b - -139. List the prime factors of i.
2, 43
Suppose 0 = -9*h + 435 + 1014. What are the prime factors of h?
7, 23
Suppose 5*r - 3*t + 1 = 35, -32 = -4*r + 4*t. Suppose r*w - w = 20. Suppose -w*k - s + 11 = -229, 2*s = 2*k - 84. What are the prime factors of k?
47
List the prime factors of 48840/594 + (-22)/18 + 1.
2, 41
Let i(g) = -2066*g + 20. What are the prime factors of i(-2)?
2, 3, 173
Suppose 23*x + v = 21*x + 1221, 5*v = -3*x + 1828. What are the prime factors of x?
13, 47
List the prime factors of 10986*(11/(-3) + 4).
2, 1831
Suppose 6*b - 5*t - 449 = 2*b, -15 = -5*t. Suppose 5*m - 404 = b. Suppose 3*s + s = m. What are the prime factors of s?
2, 13
Suppose 6*c - 3*c - 9 = 5*x, -c = 4*x - 20. Suppose -11*a = -c*a - 78. List the prime factors of a.
2, 13
Let k(l) = -l**2 - 10*l + 28. Let o be k(-18). Let p = -104 - o. What are the prime factors of p?
2, 3
Let w(g) = -2*g**3 - 14*g**2 - 17. Let i(h) = -3*h**3 - 27*h**2 + h - 33. Let p(t) = -3*i(t) + 5*w(t). List the prime factors of p(6).
2, 11
Let o(w) = 30*w - 10. Let x be o(3). Suppose -v + x = -5*v. Let p = v - -50. List the prime factors of p.
2, 3, 5
Suppose b = 69*a - 72*a + 9706, 0 = 4*a + 4*b - 12944. List the prime factors of a.
5, 647
Suppose -215 = 2*b - 875. List the prime factors of b.
2, 3, 5, 11
Suppose 0 = -2*i + 10, -10*i + 556 = 2*h - 12*i. List the prime factors of h.
283
Suppose 9*f - 8 = 11*f. Let c = 76 - f. Suppose -s - c = -2*s. List the prime factors of s.
2, 5
Let w(z) = -z**3 - 12*z**2 - 12*z - 6. Let r be w(-11). Suppose r*u - 16 = -6. List the prime factors of 24 + -2 + u - 0.
2, 3
Let r(j) = 11*j**2 - 35*j - 75. What are the prime factors of r(19)?
3, 359
Suppose -4*n + f = -8, -4*n + 5*f - 17 = -3*n. Suppose 2*r - 11 = n*w, -5*r - 4*w - 7 = -0. Suppose 0 = 4*q - 63 - r. What are the prime factors of q?
2
Let n(o) = o - 11. Let g be n(11). Suppose 5*b + r - 54 = g, 2*b + 2*r = 3*b - 13. List the prime factors of b.
11
Suppose m - 14 = -0*m. Suppose 0 = -2*i - 2*i - 5*d - 41, -m = i + 2*d. Let t = i - -10. List the prime factors of t.
2, 3
Let k = -548 + 104. Let j = -182 - k. List the prime factors of j.
2, 131
Let w = -19 + -40. Let a = 105 + w. What are the prime factors of a?
2, 23
Let o(d) = 51*d + 10. List the prime factors of o(4).
2, 107
Let v = 2339 + -1151. What are the prime factors of v?
2, 3, 11
Let x(a) = -47*a + 6. List the prime factors of x(-8).
2, 191
Let u(k) = -3 - k - k**2 + k**2 + k**2. Suppose -3 = -f - 0*f. List the prime factors of u(f).
3
Suppose 5*u - 2*u = 4*k - 11, k - 3*u - 5 = 0. Suppose 0 = -5*d - k*y - 3*y, d = -5*y. Suppose d - 12 = -4*x. List the prime factors of x.
3
Suppose 2*l + 2*l - m = 13, l - 2*m = -2. Suppose 0 = -l*s - 5*c + 3, 3*s + 3 = 5*s + c. List the prime factors of s/13 - (-1169)/91.
13
Suppose 14*f - 16*f = 52. List the prime factors of (4 - f/(-8))*120.
2, 3, 5
Let h be ((-1199)/(-55))/((-2)/10). Let o = h + 192. List the prime factors of o.
83
Suppose 27*w - 20*w = 2842. What are the prime factors of w?
2, 7, 29
Let i(y) = y**3 + 29*y**2 + 50*y - 15. What are the prime factors of i(-27)?
3, 31
Let f(d) = -d**3 + 41*d**2 + 6*d - 873. What are the prime factors of f(38)?
3, 1229
Suppose -4*m = -a + 252, 10 = -m - 4*m. Let p = a - -46. List the prime factors of p.
2, 5, 29
Let g(i) = -13*i + 43. Let v be g(7). Let o = v + 95. List the prime factors of o.
47
Let i(x) = 265*x + 203. List the prime factors of i(4).
3, 421
Let h(s) = -s**3 + 15*s**2 + 8*s + 6. Let o = -28 - -43. What are the prime factors of h(o)?
2, 3, 7
Let u = -77 - -77. Let a(t) = -t + 123. List the prime factors of a(u).
3, 41
Suppose 331*c + 395 = 336*c. What are the prime factors of c?
79
Let g = 1 - -1. Suppose -2*z + 2 = 3*i, 0*z + g*z = 3*i + 2. Suppose -x + 4 = -i*x. What are the prime factors of x?
2
Let p(l) = l**3 + 11*l**2 + 11*l + 9. Let m = 39 + -45. What are the prime factors of p(m)?
3, 41
Let t = -2047 - -2883. List the prime factors of t.
2, 11, 19
Suppose 0 = 4*w - 5*w + 5*z + 15, w - 12 = 4*z. Suppose w = -m, -y + 385 = 4*y + 4*m. List the prime factors of y.
7, 11
List the prime factors of (-21)/(-8) + -3 - 162180/(-96).
3, 563
Let m = 372 + -215. What are the prime factors of m?
157
Suppose -2*k = 23*k - 122800. List the prime factors of k.
2, 307
Let n(y) = y**3 + 2*y**2 - 3*y - 2. Let l be n(-3). Let r be (6/2)/(l/6). What are the prime factors of r/6*44/(-3)?
2, 11
Let z = -95 - 9. Let n = 177 + z. What are the prime factors of n?
73
List the prime factors of (-4)/(-14) + 11/(-385)*-18155.
3, 173
Let z be 6/10 - (-315)/(-25). Let c(h) = h**2 + 10*h + 14. What are the prime factors of c(z)?
2, 19
Let f = -4 + 5. Let l be 6/9 - (-1)/3. Suppose -4*v - l = 3*w - 0, -v - f = w. List the prime factors of v.
2
Suppose 0 = 51*i + 7*i - 72906. What are the prime factors of i?
3, 419
Let y = 199 + -176. What are the prime factors of y?
23
Let q = 33 - -158. What are the prime factors of q?
191
Let p = 249 + -200. What are the prime factors of p?
7
Suppose 0 = -m - 0 + 1. Let x = m + 20. Let n = x - 7. What are the prime factors of n?
2, 7
Let f = -13 - -15. List the prime factors of 1 - (4 - f) - (3 - 39).
5, 7
Suppose 0 = 5*x - 20, 